 What is the remainder when 63 is divided by d?
19
Suppose 3*f + 2*w + 0*w - 28 = 0, -3*w = -2*f - 3. Suppose -f*i + 5*i + 2 = 0. What is the remainder when 5 is divided by i?
1
Let a(u) = u**3 + 12*u**2 + 10*u - 7. Let i be a(-11). Let r = i + 0. Suppose p - 20 = -r*p. What is the remainder when p is divided by 3?
1
What is the remainder when (-12)/20 - 316/(-10) is divided by 21?
10
Let o be 4 - (3 + -1*(2 - 0)). Suppose 3*k - 171 = -c, -o*k + 211 = c - 8*k. Calculate the remainder when c is divided by 9.
6
Let s be (-2*1/5)/((-3)/(-15)). What is the remainder when 15 is divided by 1*(1 - 3) + (-12)/s?
3
Let a(k) = 462*k**2 - 3*k + 2. Let c be a(1). Suppose -137 = 12*d - c. Calculate the remainder when 107 is divided by d.
26
Let y = -137 + 152. Let c(w) = w**2 + w - 3. What is the remainder when y is divided by c(-4)?
6
Suppose 0 = t + 3, -t - 10 = -x + t. Suppose 2*c = -y - 3*y + 52, -c = x*y - 54. Calculate the remainder when 38 is divided by y.
10
Suppose -3*y = -1 - 5. Calculate the remainder when (154/(-4))/(y/(-4)) is divided by 13.
12
Suppose 0 = -9*t + 14*t + 15, 57 = 3*m - 3*t. What is the remainder when 1342 is divided by m?
14
Let k(u) = 40*u + 103. What is the remainder when k(5) is divided by 22?
17
Let z(p) = -5*p**2 + 5*p + 5. Let x be z(5). What is the remainder when (-15)/3 - -4 - x is divided by 19?
18
Suppose 7*t - 10*t - 1267 = -4*l, -l - 1247 = 3*t. What is the remainder when (-2)/(-10) + (-3 - t/15) is divided by 10?
5
Calculate the remainder when 6186/18 - (14/(-6) - -2) is divided by 115.
114
Suppose 0 = 10*c - 931 - 4529. Suppose -5*p - 3*y + c = 0, -3*p = 2*p + 4*y - 548. Calculate the remainder when p is divided by 37.
34
Calculate the remainder when 375 is divided by (-1576)/(-14) - (-12)/42*-2.
39
Suppose 142 = 3*c + u, -13*c + 15*c - 123 = 5*u. What is the remainder when c is divided by 11?
5
Let v(l) = -52*l - 2. Suppose -4*g + g = 6. Suppose 5*j = -q + 1, 5*j = -2*q + 3*q - 41. What is the remainder when v(g) is divided by q?
18
Let y = 87 - 82. Suppose z - 2*b = 27, -b - 141 = -y*z + 3*b. What is the remainder when 113 is divided by z?
26
Let i be 2/12 - 155/30. Let t = i - -9. Suppose -w = -p - 0*w + 11, -36 = -3*p + t*w. What is the remainder when 30 is divided by p?
6
Let s(u) = 40*u**2 + 3*u + 3. Suppose 5*l - 44 = 26. What is the remainder when s(-1) is divided by l?
12
Let b = -631 + 3022. What is the remainder when b is divided by 42?
39
Suppose 8 = -3*u + 7*u. Let x(f) = -f**2 - 8*f - 15. Let k be x(-8). Let s = u - k. Calculate the remainder when 63 is divided by s.
12
Let d(f) = -35*f - 253. What is the remainder when d(-24) is divided by 42?
41
Let l = -52 + 55. Suppose 69 + 12 = l*k. Calculate the remainder when k is divided by 7.
6
Suppose 3 = a + 5*w, 3 = a - w - 0*w. Suppose a*q + 2*q = 20. Suppose -y + 15 = 3*o, -q*o - 86 = -4*y + 38. What is the remainder when 53 is divided by y?
26
Suppose 0 = 5*k - 18 - 82. Let v = 134 + -130. Suppose -v*m = 11*m - 1170. Calculate the remainder when m is divided by k.
18
Let o be (4/(-2))/2 + 177. Let h = o - 58. What is the remainder when h is divided by 30?
28
Suppose 5 = -2*p - 11. Let r(a) be the first derivative of -5*a**2/2 - 8*a - 10. What is the remainder when 126 is divided by r(p)?
30
Suppose 4*z - 2*z = 270. What is the remainder when z is divided by 47?
41
Let d(t) = t**2 - 2*t - 27. Let b(v) = 7*v + 43. Let j be b(-7). Calculate the remainder when 57 is divided by d(j).
15
Let x = -13 - 36. Let r be (-112)/x - 4/14. Suppose -5 = r*u + 3, -2*s - 2*u = -68. Calculate the remainder when s is divided by 10.
8
Suppose 337 = 19*v - 5. What is the remainder when 98 is divided by v?
8
Let b = -133 - -145. Calculate the remainder when 1667 is divided by b.
11
Suppose -3*j + 6 = 3*u, u - 3*j = 4 - 2. Let o = 7 - u. What is the remainder when o is divided by 1 - (-2)/(4/2)?
1
Suppose 0 = -36*n + 421 + 227. What is the remainder when 66 is divided by n?
12
Let d(w) = -w**2 - 3*w - 7*w - 11*w + 15*w + 29. What is the remainder when 63 is divided by d(-8)?
11
Suppose 2*g = -4*g + 12. Suppose -315 = -g*k - 3*k. Calculate the remainder when k is divided by 8.
7
Let d = 55 + -33. Suppose -3*b - q + d + 23 = 0, 5*b + 2*q - 75 = 0. What is the remainder when b is divided by 7?
1
Suppose 225*u = 206*u + 2109. What is the remainder when 437 is divided by u?
104
Suppose 3*q + 8*m - 10*m + 230 = 0, 3*m = -3*q - 210. Let p = q + 90. Calculate the remainder when 31 is divided by p.
15
What is the remainder when (264/(-6))/(34/(-6) - -5) is divided by 16?
2
Suppose -10 = -2*f, 2*f + 8 = l - 34. Suppose 78 = 5*w + 4*s, 32 = 3*w + 2*s - 16. What is the remainder when l is divided by w?
16
Calculate the remainder when (-316)/8*(3 + -1 + -6) is divided by 68.
22
Suppose -216 = -7*v + 274. What is the remainder when v is divided by 32?
6
Let b = -2018 + 2085. Calculate the remainder when b is divided by 4.
3
Let a(u) = -6*u + 3. Let y(i) = -i - 7. Let h be y(-3). Suppose 2*q + 531 = 7*q + p, 4*q + 4*p = 412. Calculate the remainder when q is divided by a(h).
26
Let o = -6 + 9. Suppose -o*d + 104 = -163. Calculate the remainder when d is divided by (2 + -1)*(24 - 1).
20
Suppose -16*z = -26*z + 120. Calculate the remainder when 19 is divided by z.
7
Let u(c) = -5*c**2 - 66*c + 10. What is the remainder when 86 is divided by u(-13)?
17
Suppose 3*m = 15, 3*x - m + 0*m - 13 = 0. Suppose -x*j + 4*j + 446 = 0. Calculate the remainder when j is divided by 45.
43
Suppose 0*l = 3*l + 5*k - 6, 5*l - 2*k - 10 = 0. What is the remainder when 7 is divided by l?
1
Let s = -88 - 11. Let c = s - -114. Calculate the remainder when 43 is divided by c.
13
What is the remainder when (-19)/(-2)*(11 + -1) is divided by 49?
46
Let l = -10 + 16. Suppose 0 = 2*x + x + l, -2*x + 204 = 4*b. Suppose -16 = -j + 11. Calculate the remainder when b is divided by j.
25
Suppose 3*t + 2*m - 448 = -142, 2*t + m = 205. Calculate the remainder when t is divided by 21.
20
What is the remainder when 99 is divided by 0/(-28) - 81/(-3)?
18
Let x = -38 - -73. Calculate the remainder when x is divided by ((-2)/4)/(((-3)/54)/1).
8
Suppose 7*u - 4*u = -5*l + 180, 0 = 5*l - 3*u - 150. What is the remainder when l is divided by (-3852)/(-1605)*(-30)/(-4)?
15
Suppose x + 0*x + 20 = -z, -2*z = 10. Let p = 23 + x. Suppose -4*j = -p*j + 164. What is the remainder when j is divided by 14?
13
Let s = -25 - -105. Suppose 5*y - s = 3*x, 5*y = 5*x + y + 116. Let q = x - -33. What is the remainder when 63 is divided by q?
11
Suppose 4*i - 7*i + 5*b = -206, 0 = 4*b + 16. Suppose -2*u = -5*h - 7*u + 190, 2*h - u = 61. What is the remainder when i is divided by h?
29
Let m = -8 - -12. Suppose m*x + 140 = 5*v - x, -5*x = 4*v - 85. What is the remainder when v is divided by (-6)/(-1) - 24/(-8)?
7
Suppose -2*x + 76 = 2*k, -8*k - x - 28 = -9*k. What is the remainder when k is divided by 13?
7
Let s = -65 - 10. Let n = 91 + s. What is the remainder when 57 is divided by n?
9
Suppose -5*y - 3 = 12. Calculate the remainder when 17*1*(6 + (-21)/7) is divided by (-77)/y + 8/24.
25
Let p be 2/((-9)/(-15) + -1). What is the remainder when (-2)/5*p + 75*1 is divided by 27?
23
Let n = -317 - -395. What is the remainder when n is divided by 45?
33
What is the remainder when 136 is divided by (-5)/2*152/(-20) - -1?
16
Suppose 43*z - 48*z = 10, -3*z + 6 = b. Calculate the remainder when 1472 is divided by b.
8
Let c(f) = f**3 + 8*f**2 - 3*f - 22. What is the remainder when c(-7) is divided by 26?
22
Let h(y) = -26*y + 522. What is the remainder when 131 is divided by h(19)?
19
Suppose 4*u - 5*x - 549 = 0, 9*u - 4*u + 4*x = 717. What is the remainder when u is divided by 43?
12
Let h(u) be the third derivative of -u**6/120 + u**5/10 + u**4/12 + 5*u**3/3 - 9*u**2. Calculate the remainder when 85 is divided by h(6).
19
Suppose 4*s - 1 = 19. Suppose 0 = -3*g - 0*g - b + 11, -3*b = -6. Calculate the remainder when s is divided by g.
2
Suppose 0*o = o + 2*l + 13, -l + 1 = 0. What is the remainder when 75 is divided by 0 + 16 + (o - -12)?
10
Suppose 20*c = -12*c + 2016. What is the remainder when 501 is divided by c?
60
Let r = 2 + 10. What is the remainder when 25 is divided by ((-64)/r)/2*-6?
9
What is the remainder when 1/2*(175 + (-8 - -15)) is div